et h(m) = m**2 - m - 21. Calculate h(-4).
-1
Let v(u) = 3*u**2 + 5*u - 5. Give v(2).
17
Let y(t) = 6*t - 119. Calculate y(0).
-119
Let h(g) = g**3 + 2*g**2 + g + 3. Calculate h(-5).
-77
Let i(a) = -a**2 - 2*a - 7. Calculate i(-5).
-22
Let z(b) = b**3 - 66*b + 5. Give z(8).
-11
Let f(z) = -z**3 - 3*z**2 + 5*z - 4. What is f(3)?
-43
Let i(r) = -r + 27. Give i(26).
1
Let o(l) = l**3 + 7*l**2 + 7*l - 6. Calculate o(-6).
-12
Let v(m) = -2*m**3 + 25*m**2 - 12*m + 3. What is v(12)?
3
Let x(v) = 9*v**3 + v**2 - 4*v + 2. Determine x(1).
8
Let x(s) = s**2 + 5*s - 18. Give x(3).
6
Let u(q) = 4*q**3 + q**2 - 13*q + 11. Determine u(1).
3
Let u(q) = -q**2 - 6*q + 1. Determine u(-5).
6
Let z(x) = x**3 - 11*x**2 + 3*x - 27. Give z(11).
6
Let u(w) = w**3 - 7*w**2 + 6*w + 5. Determine u(6).
5
Let y(z) = -9*z - 50. Determine y(-8).
22
Let q(n) = 14*n - 51. What is q(4)?
5
Let t(z) = 2*z**2 - 8*z + 3. What is t(6)?
27
Let m(c) = c**2 - 18*c + 35. Determine m(16).
3
Let o(x) = -19*x**2 - 56*x + 3. What is o(-3)?
0
Let w(u) = 2*u**2 - 18*u - 31. What is w(10)?
-11
Let u(m) = -m**3 - 23*m**2 - m - 12. What is u(-23)?
11
Let m(h) = -7*h**2 - 122*h - 46. Calculate m(-17).
5
Let v(s) = -s**3 - s + 4. What is v(0)?
4
Let r(b) = b**2 + 7*b + 7. Determine r(-10).
37
Let c(q) = q**3 + 20*q**2 - 23*q + 4. Calculate c(-21).
46
Let k(r) = r**2 + 2*r + 3. Determine k(0).
3
Let l(n) = -2*n**3 + 26*n**2 - 4*n + 24. Determine l(13).
-28
Let c(t) = t**3 - 5*t**2 + 6*t - 11. Calculate c(2).
-11
Let x(u) = 2*u**3 - u - 13. Calculate x(0).
-13
Let h(v) = -v + 4. Determine h(-3).
7
Let g(z) = 2*z - 17. What is g(9)?
1
Let x(i) = 2*i**2 - 31*i + 41. Calculate x(14).
-1
Let a(i) = -3*i**2 + 3*i - 1. Calculate a(3).
-19
Let k(z) = 4*z - 9. Calculate k(-8).
-41
Let m(g) = -3*g**2 - 24*g + 101. Determine m(3).
2
Let i(l) = l**3 - 24*l**2 + 68*l - 107. Determine i(21).
-2
Let p(b) = b**2 - 6*b + 6. Determine p(5).
1
Let p(n) = 7*n + 28. Determine p(10).
98
Let t(y) = y**3 - 4*y**2 - 2*y + 6. What is t(4)?
-2
Let i(j) = j**3 + 10*j**2 - 17*j - 9. Give i(-11).
57
Let v(q) = q**3 + 11*q**2 + 8*q + 17. Calculate v(-10).
37
Let n(o) = -o**2 + o - 12. What is n(-5)?
-42
Let i(x) = x**3 - 11*x**2 - 17*x - 9. What is i(12)?
-69
Let v(j) = -2*j**3 - 3*j**2 - 3*j - 3. Determine v(-2).
7
Let z(l) = -l**3 - 13*l**2 - 13*l - 14. Determine z(-12).
-2
Let f(i) = i**3 + 5*i**2 + 4*i + 12. Determine f(-5).
-8
Let j(w) = w**2 - 24*w + 109. Determine j(7).
-10
Let j(k) = k**3 + 11*k**2 + k + 15. Calculate j(-11).
4
Let g(x) = -x**2 + 14*x. Give g(6).
48
Let j(x) = 7*x + 16. Give j(-2).
2
Let p(r) = r**3 - 6*r**2 - 7. Calculate p(6).
-7
Let o(s) = -2*s**2 + 57*s - 81. What is o(27)?
0
Let i(y) = -16*y + 6. What is i(-2)?
38
Let z(v) = -v**3 - v + 4. Give z(0).
4
Let z(g) = 29*g + 365. Give z(-11).
46
Let v(h) = -h**3 - 4*h**2 - 3*h - 3. What is v(-3)?
-3
Let p(n) = n**2 - 4*n - 9. Determine p(-4).
23
Let c(s) = 3*s**2 - 14*s + 8. Give c(5).
13
Let b(j) = -j**2 + 8*j - 11. What is b(10)?
-31
Let b(h) = 3*h**3 - 2*h**2 - 2. Give b(2).
14
Let s(c) = -23*c + 1449. What is s(63)?
0
Let t(j) = j**2 - 12*j - 30. Give t(14).
-2
Let y(r) = -r**3 - 11*r**2 + 17*r + 58. What is y(-12)?
-2
Let c(l) = l**2 + 8*l + 5. Determine c(-9).
14
Let b(i) = -i**3 + 34*i**2 + 73*i - 13. Determine b(36).
23
Let c(s) = 5*s**2 + 2. What is c(1)?
7
Let f(z) = z**2 + 17*z + 5. Give f(-17).
5
Let q(r) = -2*r**3 + 7*r**2 - 7*r + 5. Calculate q(2).
3
Let u(s) = s**3 - 10*s**2 + 16*s + 8. Calculate u(8).
8
Let t(j) = 35*j + 689. What is t(-20)?
-11
Let b(q) = q**3 - 17*q**2 + 18*q - 13. Give b(16).
19
Let w(g) = -g**2 - 9*g - 20. What is w(-5)?
0
Let t(u) = u**2 - u - 2. Calculate t(5).
18
Let o(z) = -z + 2. Determine o(-12).
14
Let o(r) = r**3 - r**2 - 44. What is o(0)?
-44
Let d(i) = 6*i + 37. Determine d(-5).
7
Let b(f) = f + 31. Calculate b(-23).
8
Let t(m) = m**3 - 15*m**2 + 15*m - 3. Determine t(14).
11
Let n(y) = y**3 - 8*y**2 - 7*y + 13. Give n(9).
31
Let w(t) = t**3 - t**2 - 11*t + 12. Determine w(1).
1
Let f(r) = -51*r - 50. Determine f(-1).
1
Let y(m) = -3*m**2 + 3*m - 3. Give y(2).
-9
Let t(g) = -7*g - 2. Calculate t(4).
-30
Let f(s) = 5*s**3 + 2*s + 1. What is f(-1)?
-6
Let g(x) = -x**3 + 10*x**2 + 2*x - 6. Calculate g(10).
14
Let k(f) = -6*f**3 + f**2 - 2*f. Give k(-2).
56
Let w(d) = d**3 - 18*d**2 + 3. Calculate w(18).
3
Let a(f) = -f**3 + 10*f**2 - 19*f + 21. Give a(8).
-3
Let w(x) = x**2 - 12*x. Calculate w(5).
-35
Let p(k) = k**2 - 6*k - 1. Give p(5).
-6
Let c(z) = z - 22. Determine c(18).
-4
Let g(h) = -h**2 - 6*h + 60. Determine g(-11).
5
Let l(w) = -w**2 - 10*w + 1. What is l(-8)?
17
Let p(q) = -18*q + 5. Determine p(1).
-13
Let h(x) = -x**3 + 6*x**2 - 5*x + 14. Calculate h(6).
-16
Let a(b) = b**2 - 6*b + 7. Calculate a(6).
7
Let v(i) = 2*i + 3. Calculate v(9).
21
Let y(w) = -11*w - 92. Give y(-7).
-15
Let o(f) = -3*f**2 + 11*f - 3. Determine o(-2).
-37
Let b(t) = 4*t**2 - t - 3. What is b(5)?
92
Let o(r) = -r**3 - 5*r**2 - 5*r - 5. Calculate o(-4).
-1
Let x(f) = 2*f**3 + 10*f**2 - 7*f. Give x(-6).
-30
Let s(k) = k**3 - 6*k**2 + 5*k - 1. Calculate s(5).
-1
Let k(u) = 2*u + 8. Calculate k(-13).
-18
Let z(l) = 17*l - 214. Calculate z(13).
7
Let w(y) = -y**2 - 19*y + 32. Give w(-23).
-60
Let c(h) = -4*h + 31. What is c(12)?
-17
Let q(k) = k**3 - 15*k**2 + 24*k + 22. What is q(13)?
-4
Let x(p) = 2*p**3 + 8*p**2 + 4. Determine x(-4).
4
Let s(j) = 2*j**3 + 63*j**2 + 33*j - 25. Determine s(-31).
-87
Let n(z) = -z**3 - 4*z**2 + 6*z - 6. What is n(-6)?
30
Let p(t) = t**3 - 17*t**2 + 17*t - 22. Calculate p(16).
-6
Let l(p) = p**3 - 6*p**2 + 3*p. What is l(6)?
18
Let u(n) = n**3 - 9*n**2 + 22*n - 25. Calculate u(6).
-1
Let l(q) = q + 13. Determine l(-11).
2
Let f(q) = -21*q + 59. Give f(2).
17
Let x(u) = -2*u - 10. What is x(-4)?
-2
Let q(b) = -13*b. Determine q(2).
-26
Let p(f) = -f**2 + 4*f + 28. What is p(7)?
7
Let n(p) = 9*p - 8. Determine n(2).
10
Let r(k) = -k**2 + k + 8. Give r(-3).
-4
Let f(d) = 5*d + 56. Calculate f(-10).
6
Let v(h) = -45*h**3 + 1. Give v(-1).
46
Let p(q) = -18*q**3 - 1. Calculate p(-1).
17
Let u(t) = t**3 - 32*t**2 - 32*t - 30. Determine u(33).
3
Let x(i) = 87*i + 609. Give x(-7).
0
Let g(y) = y**3 - 6*y**2 + 5*y - 2. Determine g(3).
-14
Let i(f) = -f - 5. Determine i(-3).
-2
Let k(v) = -75*v. What is k(1)?
-75
Let j(f) = f**3 + 8*f**2 - 9*f + 4. Determine j(-9).
4
Let q(m) = -m**2 + 2. Determine q(3).
-7
Let f(v) = 3*v + 26. Determine f(-9).
-1
Let s(o) = -26*o + 2. Give s(1).
-24
Let f(t) = t**3 + 6*t**2 - 11*t + 6. Give f(-8).
-34
Let i(r) = -7*r**3 + r**2 + 4*r + 3. Calculate i(-1).
7
Let t(g) = -g**3 + 14*g**2 - g - 6. Determine t(14).
-20
Let p(j) = 3*j - 85. Determine p(24).
-13
Let t(u) = -u**3 - 16*u**2 - 15*u + 6. Give t(-15).
6
Let x(r) = -r**2 + 14*r - 42. What is x(10)?
-2
Let g(d) = d**2 - d + 22. Give g(0).
22
Let u(c) = -c**2 + 21. What is u(0)?
21
Let j(w) = -w**3 - w**2 - 5*w - 10. Calculate j(-4).
58
Let j(b) = -6*b - 111. What is j(-18)?
-3
Let w(i) = -i**3 + i + 1. Calculate w(-1).
1
Let v(c) = 6*c**2 - 10*c + 1. Calculate v(1).
-3
Let f(w) = w**3 - 15*w**2 - w + 18. Determine f(15).
3
Let u(p) = -p**3 - 6*p**2 - 21*p - 66. Determine u(-5).
14
Let o(r) = -2*r**3 - 2*r**2 + 2*r + 15. What is o(0)?
15
Let j(i) = i**3 + 6*i**2 + 1. Determine j(-7).
-48
Let d(i) = i**2 - 6*i + 6. Calculate d(7).
13
Let t(n) = -n - 2. What is t(-3)?
1
Let o(q) = -3*q**2 - 8*q + 5. Give o(-6).
-55
Let r(v) = -2*v. Determine r(-1).
2
Let u(d) = -2*d - 1. Calculate u(-10).
19
Let b(g) = g**2 - 12*g + 45. Give b(19).
178
Let s(f) = -f**3 + 11*f**2 - 8. Give s(11).
-8
Let y(n) = -n**2 - 22*n - 53. What is y(-19)?
4
Let w(g) = 4*g - 41. Give w(6).
-17
Let b(u) = u**2 - 13*u - 19. What is b(14)?
-5
Let p(w) = -2*w. What is p(-4)?
8
Let r(q) = q**2 + 33*q + 172. Determine r(-7).
-10
Let k(p) = p**2 - 27*p + 52. Calculate k(25).
2
Let h(k) = 3*k**2 - 6*k - 37. Calculate h(-3).
8
Let j(x) = -57*x**2 + 2*x + 1. What is j(-1)?
-58
Let x(m) = -47*m - 7. Determine x(4).
-195
Let r(y) = -y**3 + 5*y**2 + 3*y - 1. Determine r(6).
-19
Let b(q) = q**2 - 12*q + 6. Determine b(13).
19
Let d(k) = 7*k**3 - k**2 - 2*k - 1. Calculate d(2).
47
Let j(r) = 2*r**2 - 25*r + 13. Calculate j(12).
1
Let u(s) = -s**3 + 10*s**2 - 9*s + 